{"id":12,"date":"2015-12-10T22:43:24","date_gmt":"2015-12-10T21:43:24","guid":{"rendered":"http:\/\/localhost:8888\/JRM@WP\/wordpress\/?page_id=12"},"modified":"2024-04-21T10:19:19","modified_gmt":"2024-04-21T08:19:19","slug":"home","status":"publish","type":"page","link":"https:\/\/www.judithritter.de\/wordpress\/home\/","title":{"rendered":"Biographie"},"content":{"rendered":"<div id=\"JRMBio\" class=\"fusion-container-anchor\"><div class=\"fusion-fullwidth fullwidth-box fusion-builder-row-1 nonhundred-percent-fullwidth non-hundred-percent-height-scrolling\" style=\"--awb-border-sizes-top:0px;--awb-border-sizes-bottom:0px;--awb-border-sizes-left:0px;--awb-border-sizes-right:0px;--awb-border-color:#f3f1f0;--awb-border-radius-top-left:0px;--awb-border-radius-top-right:0px;--awb-border-radius-bottom-right:0px;--awb-border-radius-bottom-left:0px;--awb-padding-top:0px;--awb-padding-bottom:0px;--awb-background-color:transparent;--awb-flex-wrap:wrap;\" ><div class=\"fusion-builder-row fusion-row\"><div class=\"fusion-layout-column fusion_builder_column fusion-builder-column-0 fusion_builder_column_1_2 1_2 fusion-one-half fusion-column-first\" style=\"--awb-bg-size:cover;width:48%; margin-right: 4%;\"><div class=\"fusion-column-wrapper fusion-flex-column-wrapper-legacy\"><div class=\"fusion-clearfix\"><\/div><\/div><\/div><div class=\"fusion-layout-column fusion_builder_column fusion-builder-column-1 fusion_builder_column_1_2 1_2 fusion-one-half fusion-column-last\" style=\"--awb-bg-size:cover;width:48%;\"><div class=\"fusion-column-wrapper fusion-flex-column-wrapper-legacy\"><div class=\"fusion-text fusion-text-1\"><p><em>J<\/em><em>udith Ritter studierte<\/em> <em>Gesang an den Musikhochschulen Freiburg und Karlsruhe sowie <\/em><em>Kirchenmusik und Schulmusik <\/em><em>an der Musikhochschule Freiburg. <\/em><em>Entscheidende Impulse und k\u00fcnstlerische Inspiration erhielt sie bei Jeanne Piland, Anna Reynolds und Walter Donati.<\/em><\/p>\n<p><em>Schon w\u00e4hrend ihres Gesangsstudiums war sie Ensemblemitglied der \u201cJungen Oper K\u00f6ln\u201d und sang H\u00e4nsel in \u201cH\u00e4nsel und Gretel\u201d und Cherubino in \u201cDie Hochzeit des Figaro\u201d, f\u00fcr den sie auch von der Kammeroper Frankfurt engagiert wurde. Durch ihr Interesse an den Werken zeitgen\u00f6ssischer Komponisten war sie 2003 \u2013 2007 Mitglied des Solistenensembles des Experimentalstudios Freiburg.<\/em><\/p>\n<p><em>Der Schwerpunkt ihres k\u00fcnstlerischen Wirkens liegt im Konzertgesang. Sie musiziert unter anderem mit L\u00b4arpa festante, La Banda, Arsatius Consort, Karlsruher Barockorchester, Kammerphilharmonie Karlsruhe, Frankfurter Sinfoniker, Kammerphilharmonie Mannheim, Kammer Sinfonie Bremen und dem Komponisten Martin Palmeri. Zahlreiche Konzerte im In- und Ausland f\u00fchrten sie u.a. in das Konzerthaus Freiburg, in die Philharmonie K\u00f6ln, zum \u201cFestlichen Sommer in der Wies\u201d, \u201cMusiktriennale K\u00f6ln\u201d, \u201cArchipel Festival\u201d in Genf, und zum Hamburger Musikfest. Dar\u00fcber hinaus hat sie bei zahlreichen Festspielen, Urauff\u00fchrungen, Rundfunkaufnahmen und CD-Produktionen des SWR solistisch mitgewirkt. Ihr Repertoire erstreckt sich von Werken des Fr\u00fchbarock bis hin zu Urauff\u00fchrungen zeitgen\u00f6ssischer Komponisten.<\/em><\/p>\n<\/div><div class=\"fusion-clearfix\"><\/div><\/div><\/div><div class=\"fusion-layout-column fusion_builder_column fusion-builder-column-2 fusion_builder_column_1_2 1_2 fusion-one-half fusion-column-first\" style=\"--awb-bg-size:cover;width:48%; margin-right: 4%;\"><div class=\"fusion-column-wrapper fusion-flex-column-wrapper-legacy\"><div class=\"fusion-clearfix\"><\/div><\/div><\/div><div class=\"fusion-layout-column fusion_builder_column fusion-builder-column-3 fusion_builder_column_1_2 1_2 fusion-one-half fusion-column-last\" style=\"--awb-bg-size:cover;width:48%;\"><div class=\"fusion-column-wrapper fusion-flex-column-wrapper-legacy\"><div class=\"fusion-text fusion-text-2\"><p style=\"text-align: left;\"><a class=\"article-link-bio\" href=\"https:\/\/www.judithritter.de\/wordpress\/wp-content\/uploads\/2022\/05\/Kurzvita-Judith-Ritter.pdf\" target=\"_blank\" rel=\"noopener noreferrer\"><img decoding=\"async\" title=\"\" src=\"https:\/\/www.judithritter.de\/wordpress\/wp-content\/uploads\/2015\/12\/germany.gif\" alt=\"\" width=\"32\" height=\"20\" \/><\/a>\u00a0 \u00a0<a class=\"article-link-bio\" href=\"https:\/\/www.judithritter.de\/wordpress\/wp-content\/uploads\/2024\/04\/Vita.pdf\" target=\"_blank\" rel=\"noopener noreferrer\">Download Biographie (PDF)<\/a><\/p>\n<\/div><div class=\"fusion-text fusion-text-3\"><p style=\"text-align: left;\"><a href=\"https:\/\/www.judithritter.de\/wordpress\/wp-content\/uploads\/2016\/05\/Kurzvita_fr.pdf\"><img decoding=\"async\" class=\"alignnone\" src=\"https:\/\/www.judithritter.de\/wordpress\/wp-content\/uploads\/2016\/05\/france.gif\" alt=\"Curriculum en francaise\" width=\"32\" height=\"20\" \/><\/a>\u00a0 \u00a0<a class=\"article-link-bio\" href=\"https:\/\/www.judithritter.de\/wordpress\/wp-content\/uploads\/2024\/04\/Vita_fr.pdf\" target=\"_blank\" rel=\"noopener noreferrer\">T\u00e9l\u00e9charger curriculum (PDF)<\/a><\/p>\n<\/div><div class=\"fusion-clearfix\"><\/div><\/div><\/div><\/div><\/div><\/div>\n","protected":false},"excerpt":{"rendered":"","protected":false},"author":1,"featured_media":0,"parent":0,"menu_order":0,"comment_status":"closed","ping_status":"closed","template":"100-width.php","meta":{"footnotes":""},"class_list":["post-12","page","type-page","status-publish","hentry"],"_links":{"self":[{"href":"https:\/\/www.judithritter.de\/wordpress\/wp-json\/wp\/v2\/pages\/12","targetHints":{"allow":["GET"]}}],"collection":[{"href":"https:\/\/www.judithritter.de\/wordpress\/wp-json\/wp\/v2\/pages"}],"about":[{"href":"https:\/\/www.judithritter.de\/wordpress\/wp-json\/wp\/v2\/types\/page"}],"author":[{"embeddable":true,"href":"https:\/\/www.judithritter.de\/wordpress\/wp-json\/wp\/v2\/users\/1"}],"replies":[{"embeddable":true,"href":"https:\/\/www.judithritter.de\/wordpress\/wp-json\/wp\/v2\/comments?post=12"}],"version-history":[{"count":52,"href":"https:\/\/www.judithritter.de\/wordpress\/wp-json\/wp\/v2\/pages\/12\/revisions"}],"predecessor-version":[{"id":2922,"href":"https:\/\/www.judithritter.de\/wordpress\/wp-json\/wp\/v2\/pages\/12\/revisions\/2922"}],"wp:attachment":[{"href":"https:\/\/www.judithritter.de\/wordpress\/wp-json\/wp\/v2\/media?parent=12"}],"curies":[{"name":"wp","href":"https:\/\/api.w.org\/{rel}","templated":true}]}}

<div id="JRMBio" class="fusion-container-anchor"><div class="fusion-fullwidth fullwidth-box fusion-builder-row-1 nonhundred-percent-fullwidth non-hundred-percent-height-scrolling" style="--awb-border-sizes-top:0px;--awb-border-sizes-bottom:0px;--awb-border-sizes-left:0px;--awb-border-sizes-right:0px;--awb-border-color:#f3f1f0;--awb-border-radius-top-left:0px;--awb-border-radius-top-right:0px;--awb-border-radius-bottom-right:0px;--awb-border-radius-bottom-left:0px;--awb-padding-top:0px;--awb-padding-bottom:0px;--awb-background-color:transparent;--awb-flex-wrap:wrap;" ><div class="fusion-builder-row fusion-row"><div class="fusion-layout-column fusion_builder_column fusion-builder-column-0 fusion_builder_column_1_2 1_2 fusion-one-half fusion-column-first" style="--awb-bg-size:cover;width:48%; margin-right: 4%;"><div class="fusion-column-wrapper fusion-flex-column-wrapper-legacy"><div class="fusion-clearfix"></div></div></div><div class="fusion-layout-column fusion_builder_column fusion-builder-column-1 fusion_builder_column_1_2 1_2 fusion-one-half fusion-column-last" style="--awb-bg-size:cover;width:48%;"><div class="fusion-column-wrapper fusion-flex-column-wrapper-legacy"><div class="fusion-text fusion-text-1"><p><em>J</em><em>udith Ritter studierte</em> <em>Gesang an den Musikhochschulen Freiburg und Karlsruhe sowie </em><em>Kirchenmusik und Schulmusik </em><em>an der Musikhochschule Freiburg. </em><em>Entscheidende Impulse und künstlerische Inspiration erhielt sie bei Jeanne Piland, Anna Reynolds und Walter Donati.</em></p>
<p><em>Schon während ihres Gesangsstudiums war sie Ensemblemitglied der “Jungen Oper Köln” und sang Hänsel in “Hänsel und Gretel” und Cherubino in “Die Hochzeit des Figaro”, für den sie auch von der Kammeroper Frankfurt engagiert wurde. Durch ihr Interesse an den Werken zeitgenössischer Komponisten war sie 2003 – 2007 Mitglied des Solistenensembles des Experimentalstudios Freiburg.</em></p>
<p><em>Der Schwerpunkt ihres künstlerischen Wirkens liegt im Konzertgesang. Sie musiziert unter anderem mit L´arpa festante, La Banda, Arsatius Consort, Karlsruher Barockorchester, Kammerphilharmonie Karlsruhe, Frankfurter Sinfoniker, Kammerphilharmonie Mannheim, Kammer Sinfonie Bremen und dem Komponisten Martin Palmeri. Zahlreiche Konzerte im In- und Ausland führten sie u.a. in das Konzerthaus Freiburg, in die Philharmonie Köln, zum “Festlichen Sommer in der Wies”, “Musiktriennale Köln”, “Archipel Festival” in Genf, und zum Hamburger Musikfest. Darüber hinaus hat sie bei zahlreichen Festspielen, Uraufführungen, Rundfunkaufnahmen und CD-Produktionen des SWR solistisch mitgewirkt. Ihr Repertoire erstreckt sich von Werken des Frühbarock bis hin zu Uraufführungen zeitgenössischer Komponisten.</em></p>
</div><div class="fusion-clearfix"></div></div></div><div class="fusion-layout-column fusion_builder_column fusion-builder-column-2 fusion_builder_column_1_2 1_2 fusion-one-half fusion-column-first" style="--awb-bg-size:cover;width:48%; margin-right: 4%;"><div class="fusion-column-wrapper fusion-flex-column-wrapper-legacy"><div class="fusion-clearfix"></div></div></div><div class="fusion-layout-column fusion_builder_column fusion-builder-column-3 fusion_builder_column_1_2 1_2 fusion-one-half fusion-column-last" style="--awb-bg-size:cover;width:48%;"><div class="fusion-column-wrapper fusion-flex-column-wrapper-legacy"><div class="fusion-text fusion-text-2"><p style="text-align: left;"><a class="article-link-bio" href="https://www.judithritter.de/wordpress/wp-content/uploads/2022/05/Kurzvita-Judith-Ritter.pdf" target="_blank" rel="noopener noreferrer"><img decoding="async" title="" src="https://www.judithritter.de/wordpress/wp-content/uploads/2015/12/germany.gif" alt="" width="32" height="20" /></a>   <a class="article-link-bio" href="https://www.judithritter.de/wordpress/wp-content/uploads/2024/04/Vita.pdf" target="_blank" rel="noopener noreferrer">Download Biographie (PDF)</a></p>
</div><div class="fusion-text fusion-text-3"><p style="text-align: left;"><a href="https://www.judithritter.de/wordpress/wp-content/uploads/2016/05/Kurzvita_fr.pdf"><img decoding="async" class="alignnone" src="https://www.judithritter.de/wordpress/wp-content/uploads/2016/05/france.gif" alt="Curriculum en francaise" width="32" height="20" /></a>   <a class="article-link-bio" href="https://www.judithritter.de/wordpress/wp-content/uploads/2024/04/Vita_fr.pdf" target="_blank" rel="noopener noreferrer">Télécharger curriculum (PDF)</a></p>
</div><div class="fusion-clearfix"></div></div></div></div></div></div>
